c + 1442*c + 16 = 0. Calculate the remainder when 547 is divided by k.
82
Let s be (35/5)/((-2)/(-4)). Let u = -4 + s. Calculate the remainder when 42 is divided by (u*(-2)/8)/(2/(-12)).
12
Suppose -279*x - 419 = -4*q - 280*x, 4*x + 424 = 4*q. Calculate the remainder when 443 is divided by q.
23
What is the remainder when 216 is divided by 11100/(-40)*(-5)/2*72/270?
31
Suppose -6*g + 212 + 10 = 0. What is the remainder when 317/4 - ((-56)/32 + (-3 - -5)) is divided by g?
5
What is the remainder when 555 is divided by (0 - 20)/(44/1386*-9)?
65
Let o(g) = -73*g - 556. Calculate the remainder when o(-54) is divided by 14.
12
Suppose -5*h = -10, -4*p + 124 + 46 = 5*h. Calculate the remainder when 722 is divided by p.
2
Let r = -678 - -748. What is the remainder when r is divided by 9 - 7/(14/(-6))?
10
Suppose l = 2*l - 5. Suppose 29 = 3*o - 5*i - 17, l*i + 10 = 0. Suppose 0 = 2*x - g - 8, 5*x + 4*g = -0*x + 46. What is the remainder when o is divided by x?
0
Let c = 79 - 74. Suppose -3*d = -2*d - c*l - 6, l + 6 = 5*d. What is the remainder when 21 is divided by d/7 - 605/(-77)?
5
Let x = -51 + 52. Calculate the remainder when (-1)/2*-1*298/x is divided by 30.
29
Let n = -69 - -45. Let h(p) = 27*p - 25. Let k be h(0). Let x = n - k. Calculate the remainder when 4 is divided by x.
0
Suppose -192*m + 197*m = 4*r - 2464, 3089 = 5*r - 4*m. Calculate the remainder when r is divided by 35.
26
Let c = 169 + -155. Let u = -3634 + 3688. What is the remainder when u is divided by c?
12
Suppose -3*f + 1 = 7. Let d be (35/(-14) + 3/(-2))*f. Let r(g) = 8*g - 11. Calculate the remainder when r(d) is divided by 14.
11
Suppose 0*q - 4*q - 68 = 0. Suppose -w = 5*k - 94, 574 - 570 = w. Let f = q + k. Calculate the remainder when f is divided by 1.
0
Let z(r) = -24*r + 230. Calculate the remainder when z(-23) is divided by 14.
12
Let j(t) = -3*t**3 + 71*t**2 - 47*t + 26. Let k be j(23). What is the remainder when (0 - k*(-2359)/(-105))*-5 is divided by 34?
31
Suppose -5*o - 6 = -u - 0*u, -u - 2 = 3*o. Suppose 4*r + 3*k - 50 = 0, -r = -2*k - 17 - u. What is the remainder when 27 is divided by r?
13
Let v = 2345 + -2150. Calculate the remainder when v is divided by 35.
20
Suppose 4*r = -2*g - 23 + 79, r - 1 = 0. Calculate the remainder when (128/(-112))/(((-15)/(-10))/(1596/(-16))) is divided by g.
24
Let x(d) = -8*d + 81. Let g be x(-7). Suppose 5*s - g - 118 = 0. Calculate the remainder when s is divided by 21.
9
Let w(f) = -9*f**2 + 19*f - 12. Let q(t) = -2*t**2 + t + 1. Let m(g) = -6*q(g) + w(g). Calculate the remainder when 154 is divided by m(-6).
10
Suppose -2*y = -0*a - a + 72, a - 57 = 5*y. Suppose 2*l - 2*j + a = 4*l, 4*l - 5*j - 146 = 0. Calculate the remainder when l is divided by 25.
14
Suppose 0 = -u - u + 136. Suppose -k - 4*i = -55, 0*k + 5*k = -4*i + 307. What is the remainder when u is divided by k?
5
Calculate the remainder when (-601)/(-18)*2 - 80/(-360) is divided by 43.
24
Let o = 4838 + -3949. What is the remainder when o is divided by 4?
1
Let k be 2 + (16/(-4))/(1 + 1). Suppose -21*t + 3*t + 18 = k. Calculate the remainder when 108 is divided by (-1 + 16 + -4)/t.
9
Let z(r) = 97*r + 60. Let i be z(-4). Suppose l - 7 = 3*v + 13, -3*v - 40 = -5*l. What is the remainder when 3/9 + v/(30/i) is divided by 29?
26
Let t(b) = b**2 + 83*b - 115. What is the remainder when t(26) is divided by 49?
24
Let p(o) = -2*o**3 + 34*o**2 - 30*o + 9. Let j be p(16). Suppose -j*k = -33*k - 88. Calculate the remainder when -3 - (-37 - (-2 - 0)) is divided by k.
10
What is the remainder when (37/2 - 0)/((-6549)/(-814) + -8) is divided by 86?
63
Suppose -41*q + 6642 = -0*q. Suppose 0 = -q*r + 158*r + 20. Calculate the remainder when 18 is divided by r.
3
Calculate the remainder when (3/18)/((-11)/561)*(0 - 20) is divided by 43.
41
Suppose 11*u + 13848 = -13*u. Let t = u - -694. Calculate the remainder when t is divided by 6.
3
Suppose -2*f - 5*f + 14 = 0. Suppose 4*b = i + 27, -f*i + 23 = -3*b + 6*b. Calculate the remainder when 82 is divided by b.
5
Let m(p) = 752*p - 115. What is the remainder when 654 is divided by m(1)?
17
Let g(l) = -15*l**2 + 67*l - 1. What is the remainder when 768 is divided by g(4)?
12
Let f = 14060 + -14049. Let s = 570 + -340. Calculate the remainder when s is divided by f.
10
Let k(o) = 53*o - 8348. Let u = 92 + 11. Calculate the remainder when u is divided by k(158).
25
Let j(x) = -1124*x - x**2 - 5 + 1124*x. Let r be j(9). Let f = -50 - r. What is the remainder when 178 is divided by f?
34
Let f(s) be the second derivative of -7*s**3/3 + 4*s**2 + 5*s. Let j be f(4). Let y = j - -55. Calculate the remainder when 19 is divided by y.
5
Suppose 41*v = 45*v - 24. Suppose 3*c - s = -v*s - 17, -c + 3*s = 1. Let i(a) = a**2 - 5*a - 13. Calculate the remainder when i(c) is divided by 12.
11
Let a(j) = 20*j**2 + 3*j + 2. Let h = -5337 - -5441. What is the remainder when a(-4) is divided by h?
102
Let n be 1/(-3) - 10/(-30). Suppose n = 2*m + 2*r - 158, m - 11 = 3*r + 76. Suppose 0 = 10*l + 2*l - 492. What is the remainder when m is divided by l?
40
Suppose -4*q + 5*q + 21 = 0. Calculate the remainder when (-2)/6 - (-6 + 532/q) is divided by (6/15)/((-1)/(-20)).
7
Let q(m) = 130*m + 19 - 139*m + 43 + 2*m**2 - 5. Calculate the remainder when q(8) is divided by 44.
25
Suppose 113*p - 9287 - 8906 = 0. What is the remainder when 618 is divided by p?
135
Suppose -47 = -12*a + 7*a - 37. Suppose t - 2 = 0, -2*p = -5*t - 0*t + 14. Calculate the remainder when (1 - 2)*((-30 - p) + a) is divided by 14.
12
Let t = 1068 - 89. What is the remainder when t is divided by 21?
13
Suppose 297 - 201 = 22*h - 234. What is the remainder when 8741 is divided by h?
11
What is the remainder when 288 is divided by 520/325 - 697/(-5)?
6
What is the remainder when 250 is divided by ((-15)/21)/5 - 15873/(-273)?
18
Suppose 12*f - 7*f - 250 = 2*g, -f - g + 57 = 0. What is the remainder when 541 is divided by f?
21
What is the remainder when (-153615)/665*(1 - (-2)/(-1)) is divided by 34?
27
Let q = 1129 - 1041. What is the remainder when 259 is divided by q?
83
Let u = -224 - -234. Let l(c) = -c**3 + 11*c**2 + 12*c + 4. Let p be l(12). Suppose -p*j + 32 = -84. Calculate the remainder when j is divided by u.
9
Suppose 87 = 15*d - 10*d + 3*j, -d + 3*j + 21 = 0. Calculate the remainder when 1990 is divided by d.
10
Let u = -5962 + 5986. What is the remainder when (1/(-2))/(2/(-180)) is divided by u?
21
Suppose -6 = -24*r + 42. Suppose 24 = 5*t - i - 235, 3*t - r*i - 161 = 0. Calculate the remainder when 0 + 2 + 197 + 2 is divided by t.
48
Let p(v) = -16*v - 907. Calculate the remainder when 3716 is divided by p(-58).
20
Let h = 395 + -202. Calculate the remainder when 5 + (h - -4) + 5 is divided by 27.
18
Let o = -268 - -275. Calculate the remainder when 69 is divided by o.
6
What is the remainder when 64950/16 + 305/488 is divided by 32?
28
Let x be 21/2 - 16/32. Let v(l) = -l**2 + 9*l + 49. Calculate the remainder when v(x) is divided by (-2)/(-3) + (-56)/(-6).
9
Suppose -2*h + 5*q = -h + 30, 92 = -5*h - 4*q. Let r = -23 - -66. What is the remainder when (-17*5)/(4/h*5) is divided by r?
42
Let h(u) = 4*u + 80. Let f be h(-19). Suppose 0*w + 320 = f*w. Let r = w + -45. What is the remainder when r is divided by 21?
14
Suppose 4*t = 0, -t + 2*t = -v + 5. Suppose 2*s = c + 3, s - 5*c = 4 + 11. Suppose s = -18*r + 36*r - 396. What is the remainder when r is divided by v?
2
Let s(x) = -2*x**2 + 8*x + 124. Let h be s(10). Calculate the remainder when 3*(0 - -9)*2 is divided by (4 - (-490)/170) + h/34.
5
Suppose 380 = 4*n + 5*t, 318 = 5*n + 3*t - 144. Let o = -4526 + 4551. Calculate the remainder when n is divided by o.
15
Suppose 5*n - 223 = -2*v, -4*n + 6*v + 181 = 5*v. Let g = -2025 + 2038. Calculate the remainder when n is divided by g.
6
Let d = 499 - 355. Suppose -7*i = -11*i + d. Calculate the remainder when i is divided by -3*(-4)/(-84) - (-268)/14.
17
Let j(z) = 15*z**3 + z**2 - 1. Suppose 276*o = 285*o - 99. What is the remainder when j(1) is divided by o?
4
Let w = -2744 - -2869. What is the remainder when w is divided by 43?
39
Suppose 0 = -4*o + o + 114. Calculate the remainder when (-2)/(-5) - (-4)/(-35) - (-24432)/336 is divided by o.
35
Let o(n) = -61*n**2 - 13*n + 